{"id":307,"date":"2018-12-04T22:34:12","date_gmt":"2018-12-04T21:34:12","guid":{"rendered":"http:\/\/claudia-kramp.de\/?page_id=307"},"modified":"2019-02-10T23:46:31","modified_gmt":"2019-02-10T22:46:31","slug":"loesungsorientierte-kurzzeittherapie","status":"publish","type":"page","link":"https:\/\/claudia-kramp.de\/?page_id=307","title":{"rendered":"L\u00f6sungsorientierte Kurzzeittherapie"},"content":{"rendered":"<h3><img loading=\"lazy\" decoding=\"async\" class=\"wp-image-601  alignleft\" src=\"http:\/\/claudia-kramp.de\/wp-content\/uploads\/2019\/02\/Ignatia-1.jpg\" alt=\"\" width=\"305\" height=\"303\" srcset=\"https:\/\/claudia-kramp.de\/wp-content\/uploads\/2019\/02\/Ignatia-1.jpg 300w, https:\/\/claudia-kramp.de\/wp-content\/uploads\/2019\/02\/Ignatia-1-150x150.jpg 150w\" sizes=\"auto, (max-width: 305px) 100vw, 305px\" \/>L\u00f6sungsorientierte Kurzzeittherapie<\/h3>\n<p>Die <strong>l\u00f6sungsorientierte Kurztherapie<\/strong>, auch <strong>l\u00f6sungsfokussierte Kurzzeittherapie<\/strong>, (engl. <em>Solution Focused Brief Therapy)<\/em> ist eine Gespr\u00e4chstherapie, die von den Psychotherapeuten Steve de Shazer und Insoo Kim Berg entwickelt wurde. Die Ausrichtung dieser Therapieform ist nicht das Ergr\u00fcnden des Problems sondern der L\u00f6sungsm\u00f6glichkeiten. L\u00f6sungen statt Aufarbeiten bedeutet die Abwesenheit des Problems.<\/p>\n<p>Sie geht von dem Standpunkt aus, dass es hilfreicher ist, sich auf W\u00fcnsche, Ziele und Ressourcen zu konzentrieren, anstatt auf Probleme und deren Entstehung. Es geht hier um das Verst\u00e4ndnis, dass jede Person \u00fcber alle Ressourcen verf\u00fcgt, die zur L\u00f6sung von Problemen notwendig sind. Im Mittelpunkt stehen die Aufdeckung der Ressourcen des Klienten und die Erarbeitung von L\u00f6sungsm\u00f6glichkeiten<em>. <\/em><\/p>\n<p>Die l\u00f6sungsorientierte Kurzzeittherapie eignet sich zur Einzel- sowie zur Paar- und Familientherapie, und dient dar\u00fcber hinaus der eigenen Pers\u00f6nlichkeitsentwicklung.\u00a0Termine nach Vereinbarung.<\/p>\n","protected":false},"excerpt":{"rendered":"<p>L\u00f6sungsorientierte Kurzzeittherapie Die l\u00f6sungsorientierte Kurztherapie, auch l\u00f6sungsfokussierte Kurzzeittherapie, (engl. Solution Focused Brief Therapy) ist eine Gespr\u00e4chstherapie, die von den Psychotherapeuten Steve de Shazer und Insoo Kim Berg entwickelt wurde. Die Ausrichtung dieser Therapieform ist nicht das Ergr\u00fcnden des Problems sondern der L\u00f6sungsm\u00f6glichkeiten. L\u00f6sungen statt Aufarbeiten bedeutet die Abwesenheit des Problems. Sie geht von dem StandpunktContinue reading &rarr;<\/p>\n","protected":false},"author":1,"featured_media":0,"parent":0,"menu_order":0,"comment_status":"closed","ping_status":"closed","template":"","meta":{"footnotes":""},"class_list":["post-307","page","type-page","status-publish","hentry","no-thumb"],"_links":{"self":[{"href":"https:\/\/claudia-kramp.de\/index.php?rest_route=\/wp\/v2\/pages\/307","targetHints":{"allow":["GET"]}}],"collection":[{"href":"https:\/\/claudia-kramp.de\/index.php?rest_route=\/wp\/v2\/pages"}],"about":[{"href":"https:\/\/claudia-kramp.de\/index.php?rest_route=\/wp\/v2\/types\/page"}],"author":[{"embeddable":true,"href":"https:\/\/claudia-kramp.de\/index.php?rest_route=\/wp\/v2\/users\/1"}],"replies":[{"embeddable":true,"href":"https:\/\/claudia-kramp.de\/index.php?rest_route=%2Fwp%2Fv2%2Fcomments&post=307"}],"version-history":[{"count":14,"href":"https:\/\/claudia-kramp.de\/index.php?rest_route=\/wp\/v2\/pages\/307\/revisions"}],"predecessor-version":[{"id":602,"href":"https:\/\/claudia-kramp.de\/index.php?rest_route=\/wp\/v2\/pages\/307\/revisions\/602"}],"wp:attachment":[{"href":"https:\/\/claudia-kramp.de\/index.php?rest_route=%2Fwp%2Fv2%2Fmedia&parent=307"}],"curies":[{"name":"wp","href":"https:\/\/api.w.org\/{rel}","templated":true}]}}