{"id":633,"date":"2019-11-26T21:42:47","date_gmt":"2019-11-26T20:42:47","guid":{"rendered":"http:\/\/claudia-kramp.de\/?page_id=633"},"modified":"2024-02-13T21:21:23","modified_gmt":"2024-02-13T20:21:23","slug":"633-2","status":"publish","type":"page","link":"https:\/\/claudia-kramp.de\/?page_id=633","title":{"rendered":"Reisen"},"content":{"rendered":"<p><img loading=\"lazy\" decoding=\"async\" class=\"aligncenter size-full wp-image-743\" src=\"http:\/\/claudia-kramp.de\/wp-content\/uploads\/2021\/03\/Seminar-Bodensee-scaled.jpg\" alt=\"\" width=\"2560\" height=\"1167\" srcset=\"https:\/\/claudia-kramp.de\/wp-content\/uploads\/2021\/03\/Seminar-Bodensee-scaled.jpg 2560w, https:\/\/claudia-kramp.de\/wp-content\/uploads\/2021\/03\/Seminar-Bodensee-300x137.jpg 300w, https:\/\/claudia-kramp.de\/wp-content\/uploads\/2021\/03\/Seminar-Bodensee-1024x467.jpg 1024w, https:\/\/claudia-kramp.de\/wp-content\/uploads\/2021\/03\/Seminar-Bodensee-768x350.jpg 768w, https:\/\/claudia-kramp.de\/wp-content\/uploads\/2021\/03\/Seminar-Bodensee-1536x700.jpg 1536w, https:\/\/claudia-kramp.de\/wp-content\/uploads\/2021\/03\/Seminar-Bodensee-2048x933.jpg 2048w\" sizes=\"auto, (max-width: 2560px) 100vw, 2560px\" \/><\/p>\n<p><span style=\"font-size: small;\">Werke der Teilnehmer des Seminar aus dem Jahr 2020<\/span><\/p>\n<hr \/>\n<h3>Reise &#8211; Bodensee<\/h3>\n<h4>Bilder die die Seele uns schenkt \u2013 die Kraft der Farben<\/h4>\n<p>Farben haben auf unser Unbewusstes und das seelische Gleichgewicht einen enormen Einfluss. Bereits in der Antike wurden Farben gezielt eingesetzt, um die innere Harmonie und das Wohlbefinden wieder herzustellen. Wenn wir die Sprache der Farben besser verstehen, so k\u00f6nnen wir sie f\u00fcr unsere Entwicklungen einsetzen. Sicher hat jeder Mensch schon einmal die Kraft der Farben gesp\u00fcrt. Das facettenreiche Gr\u00fcn des Fr\u00fchjahrs, das uns Energie beschert. Oder das Rotgold des Herbstes, das uns wohlige Geborgenheit verschafft. Diese Tage stehen ganz im Zeichen des Malens Ihres pers\u00f6nlichen Seelenbildes. Durch \u00dcbungen und Meditationen, begegnen wir unserer Seelenenergie. Wir lassen los, sehen mit dem Herzen, unseren inneren Augen \u2013 Das Seelenbild unterst\u00fctzt die Erinnerung an unser Potential \u2013 an unsere Essenz \u2013 wir machen sichtbar was in uns steckt. Keinerlei Vorkenntnisse sind erforderlich. Es geht nicht darum ein perfektes Bild zu gestalten, sondern sich zu entspannen, loszulassen und gleichzeitig neue Kraft zu tanken.<\/p>\n<p>Seminargeb\u00fchr: 450,-\u20ac (ohne \u00dcbernachtung)<\/p>\n<p>Neben dem gemeinsames Malen, wird es Zeit geben; f\u00fcr pers\u00f6nliche Anliegen, der Besuch von Kraftorten am Bodensee, sowie gen\u00fcgend Raum und Ruhe f\u00fcr das eigene Erleben.<\/p>\n<p><strong>Bei Interesse erhalten Sie eine Detailbeschreibung.<\/strong><\/p>\n<p>\u00dcbernachtung im Haus Sonnenstein, in dem auch das Seminar stattfindet: <a href=\"http:\/\/www.haus-sonnstein.de\" target=\"_blank\" rel=\"noopener noreferrer\">www.haus-sonnstein.de<\/a><\/p>\n<p>Die Zimmerpreise beinhalten ein fantastisches Vollwert-Fr\u00fchst\u00fcck:<br \/>\nDie Schutzvorrichtung BIOSCHWING ist kostenlos inkl.<\/p>\n<p>Die Preise f\u00fcr die \u00dcbernachtung im Haus Sonnenstein entnehmen Sie bitte der Webseite.<\/p>\n<h4>Die Reise findet max. mit 7 Teilnehmern statt.<\/h4>\n<p>&nbsp;<\/p>\n","protected":false},"excerpt":{"rendered":"<p>Werke der Teilnehmer des Seminar aus dem Jahr 2020 Reise &#8211; Bodensee Bilder die die Seele uns schenkt \u2013 die Kraft der Farben Farben haben auf unser Unbewusstes und das seelische Gleichgewicht einen enormen Einfluss. Bereits in der Antike wurden Farben gezielt eingesetzt, um die innere Harmonie und das Wohlbefinden wieder herzustellen. Wenn wir dieContinue reading &rarr;<\/p>\n","protected":false},"author":1,"featured_media":0,"parent":0,"menu_order":0,"comment_status":"closed","ping_status":"closed","template":"","meta":{"footnotes":""},"class_list":["post-633","page","type-page","status-publish","hentry","no-thumb"],"_links":{"self":[{"href":"https:\/\/claudia-kramp.de\/index.php?rest_route=\/wp\/v2\/pages\/633","targetHints":{"allow":["GET"]}}],"collection":[{"href":"https:\/\/claudia-kramp.de\/index.php?rest_route=\/wp\/v2\/pages"}],"about":[{"href":"https:\/\/claudia-kramp.de\/index.php?rest_route=\/wp\/v2\/types\/page"}],"author":[{"embeddable":true,"href":"https:\/\/claudia-kramp.de\/index.php?rest_route=\/wp\/v2\/users\/1"}],"replies":[{"embeddable":true,"href":"https:\/\/claudia-kramp.de\/index.php?rest_route=%2Fwp%2Fv2%2Fcomments&post=633"}],"version-history":[{"count":23,"href":"https:\/\/claudia-kramp.de\/index.php?rest_route=\/wp\/v2\/pages\/633\/revisions"}],"predecessor-version":[{"id":882,"href":"https:\/\/claudia-kramp.de\/index.php?rest_route=\/wp\/v2\/pages\/633\/revisions\/882"}],"wp:attachment":[{"href":"https:\/\/claudia-kramp.de\/index.php?rest_route=%2Fwp%2Fv2%2Fmedia&parent=633"}],"curies":[{"name":"wp","href":"https:\/\/api.w.org\/{rel}","templated":true}]}}

<p><img loading="lazy" decoding="async" class="aligncenter size-full wp-image-743" src="http://claudia-kramp.de/wp-content/uploads/2021/03/Seminar-Bodensee-scaled.jpg" alt="" width="2560" height="1167" srcset="https://claudia-kramp.de/wp-content/uploads/2021/03/Seminar-Bodensee-scaled.jpg 2560w, https://claudia-kramp.de/wp-content/uploads/2021/03/Seminar-Bodensee-300x137.jpg 300w, https://claudia-kramp.de/wp-content/uploads/2021/03/Seminar-Bodensee-1024x467.jpg 1024w, https://claudia-kramp.de/wp-content/uploads/2021/03/Seminar-Bodensee-768x350.jpg 768w, https://claudia-kramp.de/wp-content/uploads/2021/03/Seminar-Bodensee-1536x700.jpg 1536w, https://claudia-kramp.de/wp-content/uploads/2021/03/Seminar-Bodensee-2048x933.jpg 2048w" sizes="auto, (max-width: 2560px) 100vw, 2560px" /></p>
<p><span style="font-size: small;">Werke der Teilnehmer des Seminar aus dem Jahr 2020</span></p>
<hr />
<h3>Reise &#8211; Bodensee</h3>
<h4>Bilder die die Seele uns schenkt – die Kraft der Farben</h4>
<p>Farben haben auf unser Unbewusstes und das seelische Gleichgewicht einen enormen Einfluss. Bereits in der Antike wurden Farben gezielt eingesetzt, um die innere Harmonie und das Wohlbefinden wieder herzustellen. Wenn wir die Sprache der Farben besser verstehen, so können wir sie für unsere Entwicklungen einsetzen. Sicher hat jeder Mensch schon einmal die Kraft der Farben gespürt. Das facettenreiche Grün des Frühjahrs, das uns Energie beschert. Oder das Rotgold des Herbstes, das uns wohlige Geborgenheit verschafft. Diese Tage stehen ganz im Zeichen des Malens Ihres persönlichen Seelenbildes. Durch Übungen und Meditationen, begegnen wir unserer Seelenenergie. Wir lassen los, sehen mit dem Herzen, unseren inneren Augen – Das Seelenbild unterstützt die Erinnerung an unser Potential – an unsere Essenz – wir machen sichtbar was in uns steckt. Keinerlei Vorkenntnisse sind erforderlich. Es geht nicht darum ein perfektes Bild zu gestalten, sondern sich zu entspannen, loszulassen und gleichzeitig neue Kraft zu tanken.</p>
<p>Seminargebühr: 450,-€ (ohne Übernachtung)</p>
<p>Neben dem gemeinsames Malen, wird es Zeit geben; für persönliche Anliegen, der Besuch von Kraftorten am Bodensee, sowie genügend Raum und Ruhe für das eigene Erleben.</p>
<p><strong>Bei Interesse erhalten Sie eine Detailbeschreibung.</strong></p>
<p>Übernachtung im Haus Sonnenstein, in dem auch das Seminar stattfindet: <a href="http://www.haus-sonnstein.de" target="_blank" rel="noopener noreferrer">www.haus-sonnstein.de</a></p>
<p>Die Zimmerpreise beinhalten ein fantastisches Vollwert-Frühstück:<br />
Die Schutzvorrichtung BIOSCHWING ist kostenlos inkl.</p>
<p>Die Preise für die Übernachtung im Haus Sonnenstein entnehmen Sie bitte der Webseite.</p>
<h4>Die Reise findet max. mit 7 Teilnehmern statt.</h4>
<p>&nbsp;</p>
